ided by 144.
40
Suppose 2*b = 19*b - 344 - 13. Calculate the remainder when 722 is divided by b.
8
Let a = -944 - -1039. Let i(u) = 16*u. Let n be i(1). What is the remainder when a is divided by (21/(-2))/((-12)/n)?
11
Suppose 136 = -3*m + 4*w + 369, -3*m = 6*w - 183. What is the remainder when 3902 is divided by m?
68
Let t = 7566 + -7413. Calculate the remainder when t is divided by 72.
9
Suppose -14 + 2 = -3*k. Let o be (k/(-3))/(4/36). Let u = 2 - o. Calculate the remainder when u is divided by 8.
6
Let i(y) = 2*y**2 - 2*y + 4. Let p be i(0). Suppose -l - p*w + 52 = 0, -4*l = w - 2*w - 174. What is the remainder when 61 is divided by l?
17
Suppose 0*b = 4*b - 16. Let y(d) = d**3 + d**2 + 2*d - 2. Let m be y(3). Suppose 5*k - m = b*k. Calculate the remainder when k is divided by 15.
10
Let t be ((-112)/(-42))/(1/(-3)). Let n(j) = -3*j - 23. Let l be n(t). Suppose -2*h + 0*h = 4*m - 158, -l = h. What is the remainder when 75 is divided by m?
35
Suppose 0 = -7*i - 5*i + 264. What is the remainder when (14/28)/(5 + 1077/(-216)) is divided by i?
14
Let f(j) = 16*j + 186. Calculate the remainder when f(6) is divided by 17.
10
Suppose -3*d = -8*d - 4*f + 298, -d + f + 65 = 0. Let b = d + -21. Calculate the remainder when 156 is divided by b.
33
Suppose 3*h + 11 = 4*f, -4*h = -17*f + 13*f + 12. Suppose -3*t - 3*a = -102, -f*t = -4*a + 28 - 84. Calculate the remainder when 3 - -156 - 1/1 is divided by t.
30
Suppose 23*c - 39514 = -2*c + 51786. What is the remainder when c is divided by 5?
2
Let w(r) = r**2 - 70*r + 936. Calculate the remainder when w(54) is divided by 20.
12
Let c be (-35)/(0 + 8/(-8)). Suppose 3*k - 272 = r, r = -2*k + 208 - c. What is the remainder when k is divided by 13?
11
Let b(o) = -o**3 - 41*o**2 + 33*o + 212. Calculate the remainder when b(-42) is divided by 24.
14
Suppose 0 = -4*s + 3*i + 16, -3*s = s - 2*i - 12. What is the remainder when ((-73)/876)/(7/(-2436)) is divided by s*-2*(1 - 8)?
1
Let j(w) = 3*w**2 + 46*w - 4. Let q be j(-15). Let i(x) = 3*x**3 + 57*x**2 - 3*x - 28. Calculate the remainder when 287 is divided by i(q).
26
Let r(p) = 146*p - 4348. What is the remainder when 506 is divided by r(30)?
26
Let c(h) = 3*h**2 - 628*h + 3797. What is the remainder when c(6) is divided by 107?
30
Suppose 0 = 3*q + 4*f - 0*f - 66, 0 = -q + 9*f - 40. What is the remainder when 5184 is divided by q?
4
Let v be 361 - (1 - (1 - 1)). Let o(w) = w**3 + 46*w**2 + 90*w + 93. Let f be o(-44). Suppose v = -f*u + 1235. What is the remainder when u is divided by 59?
57
Let d = 25 - 21. Suppose 5 - 13 = -d*s, s = -4*x + 110. What is the remainder when 321 is divided by x?
24
Suppose 14*a = -5*f + 12*a + 3411, f = a + 678. What is the remainder when f is divided by 12?
9
Suppose -76 = 4*x - 4*a, -3*a = 3*x - 0*a + 27. Let q be (-6)/(-1 - 1) + 26 + (-36 - -76). Let y = x + q. Calculate the remainder when y is divided by 20.
15
Let m be (-10)/(-70)*(-14)/(-4)*6. Suppose f - 283 = -m*d, f + 4*d = -d + 277. Calculate the remainder when f is divided by 37.
33
Suppose -3*h + 2*h + 2 = 0. Suppose -5*a - 50 = -5*k, 2*a + 3*a - 6 = -h*k. Calculate the remainder when 20 is divided by k.
4
Let w = 44 - 41. Suppose 4*x - 5*n = 57, -4*x + 5*n - w*n + 66 = 0. Suppose -32*c + x = -31*c. Calculate the remainder when 34 is divided by c.
16
Let i(t) = 2*t**3 + 482*t**2 - 35*t - 7957. Calculate the remainder when i(-241) is divided by (-32)/12*6/(-1).
14
Suppose -4*x - d + 11 = 0, -2*x + 0*d - 12 = 4*d. Suppose 220*a = 218*a + 20. What is the remainder when (-53)/(-3) + x/12 is divided by a?
8
Let i(y) = -2*y**3 - y + 36. Let d(t) = 25*t + 122. What is the remainder when d(0) is divided by i(0)?
14
Let j(o) = 60*o**2 - 11*o - 24. Calculate the remainder when j(-4) is divided by 242.
12
Let q(y) = -1 + 65*y - 56*y + 19 - 5. What is the remainder when 159 is divided by q(3)?
39
Let f = -4 - -7. Suppose 0 = -3*n - 5*a + 106, -n = -f*a - 17 - 23. Let b = -73545 + 73553. What is the remainder when n is divided by b?
5
What is the remainder when (-42)/4*128/(-3) is divided by -19*(953/(-20013) - 172/798)?
3
Calculate the remainder when 895 is divided by ((33/(-275))/((-2)/10))/((-23)/(-2645)).
67
Let t be (-4 + 5)/1 - -1336. Suppose 588 = -7*r + t. What is the remainder when r is divided by 30?
17
Let c be 56/32 + (-2)/(-8). Suppose c*o = 6*o - 68. Let x = 95 + -45. Calculate the remainder when x is divided by o.
16
What is the remainder when 121 is divided by 4/(-24) + (-33524)/(-408)?
39
Suppose -g - 118 = -h + 2*g, 0 = -5*h - 5*g + 530. Suppose -3*v = -5*c + h, c - 5*v - 27 = -7*v. Calculate the remainder when 251 is divided by c.
21
Suppose -2*y = -2*b + 136, 4*b = -2*y - 6 + 284. Calculate the remainder when b is divided by 3/4 + 345/20 - 4.
13
Suppose -7*f + 2*f = -725. Let c = -74 + f. What is the remainder when c is divided by 9/(-6 - 306/(-48))?
23
Let f(c) = 2*c**2 - 2*c + 4. Calculate the remainder when f(-4) is divided by 1671 + -1670 + (8/(-10))/(4/(-70)).
14
Let v(o) be the third derivative of -15*o**4/8 + o**3/6 + 4*o**2. Suppose 4*y = 3*z - 19, -2 - 24 = y - 5*z. What is the remainder when 90 is divided by v(y)?
44
Let p = 2915 + -2673. Suppose 4*q - 167 = -3*c, -4*q - 298 = -4*c - 38. What is the remainder when p is divided by c?
59
Suppose 7*l = -21*l + 18*l + 520. Let i(b) = b + 10. What is the remainder when l is divided by i(8)?
16
Let w(c) = 1 - 11 - 5 + 3*c - 6*c. Let i be w(-17). Suppose d - 60 = i. Calculate the remainder when d is divided by 33.
30
Suppose -39 = -7*r + 472. Suppose 5*c + 4 = -4*a, -2*a - 2 = 3*c - 0. Suppose -5*q + 26 + 99 = c. Calculate the remainder when r is divided by q.
23
Let g = -6526 - -6712. What is the remainder when 592 is divided by g?
34
Suppose -l = w - 109, 5*w - l - 154 = 361. Let z(q) = q**2 + 3*q - 41. Calculate the remainder when w is divided by z(7).
17
Let d(i) = 40*i + 164. Let u(j) = -27*j - 109. Let c(z) = -5*d(z) - 7*u(z). Calculate the remainder when 252 is divided by c(-11).
60
Suppose 0*l + l - 172 = 4*r, 4*l = 3*r + 714. Calculate the remainder when l is divided by ((-34)/4*5/(-85))/(2/68).
10
What is the remainder when (-93)/(52/(-26) + (-3)/(-10)*6) is divided by 155?
0
Let v(q) = q**2 - 57*q - 12. Let n be v(-10). Let w = n + -572. What is the remainder when w is divided by 54?
32
Let n(l) = 106*l - 310. What is the remainder when n(20) is divided by 899?
12
Let i(o) = 3*o**3 - 5*o + 4 - 5*o**2 + 1 - 4*o**3. What is the remainder when 0 + -4 - 0 - (-484)/4 is divided by i(-5)?
27
Let d = -930 + 970. What is the remainder when (2/5 - 0) + 1176/10 is divided by d?
38
Let u(f) = 22*f**2 - 2*f - 1. Let j be (-742)/(-56) + (-1)/4. Calculate the remainder when u(1) is divided by (1 + j)/(-1 + 3).
5
Let y = -75 + 39. Let q = y - -71. What is the remainder when 277 is divided by q?
32
Let p = -15 + 3. Calculate the remainder when (-22)/4*(-24120)/2211 is divided by 2/p + 748/24.
29
Suppose -5*v - 14 = -4*u, -v - 3 = -4*u + 3*u. What is the remainder when 38 is divided by -1 + v - (-31 - -6)?
16
Suppose 2*b = -3*c + 941, -2*c = 3*c - b - 1564. Calculate the remainder when 702 is divided by c.
76
Let r(o) be the third derivative of -o**4/24 + o**3/6 + 8*o**2. Let u be r(1). Suppose 2*c + 8 - 32 = u. What is the remainder when 47 is divided by c?
11
Suppose -2380 = 5896*t - 5910*t. Calculate the remainder when 15298 is divided by t.
168
Suppose -5*j - 2*x + 3147 = 0, 611 = j - 0*x + 5*x. Suppose 4*g + j = 875. Calculate the remainder when 70 is divided by g.
9
Let p(n) = -n**3 - 9*n**2 + n + 408. Calculate the remainder when p(0) is divided by 12.
0
Let o = 73 + -37. Let x = o - -6. Suppose 31*m = 12*m + 285. Calculate the remainder when x is divided by m.
12
Let u(x) = 9*x. Let g be u(6). Let l = 5 + 22. Calculate the remainder when (-2 - -1) + -2 + g is divided by l.
24
Suppose -12 = 4*f, 3*f - 6*f - 61 = -2*m. Let l = m - -26. What is the remainder when 98 is divided by l?
46
Calculate the remainder when 31699/7 - (-549)/(-1281) is divided by 151.
149
Let h(p) = -4*p**2 - 84*p + 190. What is the remainder when 1377 is divided by h(-19)?
9
Suppose 0 = 4*w - 12, 1599 = 5*n + 2*w - 4897. What is the remainder when n is divided by 50?
48
Let t be (-1 - -33)/(((-2)/(-14))/1). Suppose 3*u - u -